*b + 2*i - 80 = 0, -3*i + 4*i = 2*b - a. Suppose 2 = 5*o - b. What are the prime factors of o?
2, 3
Suppose -5*v - 80 = 5*u, -3*v - 25 = -u + 39. Let i = 34 + v. What are the prime factors of i?
2, 7
Suppose -8*l + 125 = -3*l. What are the prime factors of l?
5
Suppose -14*d = 631 - 2689. What are the prime factors of d?
3, 7
Let t(n) = n**2 - 11*n + 15. Let r be t(13). Let g = r - 27. List the prime factors of g.
2, 7
Let c(x) = 2*x**2 + 6*x - 5. List the prime factors of c(-6).
31
Let b(v) = -12*v + 81. What are the prime factors of b(0)?
3
Let x be 1*(-6)/((-4)/2). Let i be (9 - 1)/(2*1). Suppose x*v - 4*r - 38 = -i, v - 8 = -2*r. List the prime factors of v.
2, 5
List the prime factors of (-59)/(-2)*(-24)/(-6).
2, 59
Suppose -234 = -v + 5*v - 3*h, 3*v - 4*h = -179. What are the prime factors of ((-6)/(-2))/((-9)/v)?
19
Let c(n) = n**3 + 8*n**2 - 3*n - 5. Let g = -5 - 3. List the prime factors of c(g).
19
Let p(q) = 2*q**3 - 3*q**2 + q + 2. Suppose -3*z = 3*d + 3, 2 - 5 = -5*z - 3*d. Let t be p(z). Suppose -12 = 4*x - t. List the prime factors of x.
5
List the prime factors of (-37)/(-1)*(3 + 4).
7, 37
Suppose -2*g = -0*g + 4*r - 56, 5*r - 25 = 0. What are the prime factors of g?
2, 3
Suppose 4*b + 0*b - 16 = 0. List the prime factors of (-1 + 3)/(b/26).
13
Let r be 4/((3 + -9)/(-3)). Suppose 0*z = r*z - 48. List the prime factors of z.
2, 3
List the prime factors of 1/((-2)/(-516))*6/9.
2, 43
Let x = -28 + 42. What are the prime factors of x?
2, 7
Suppose d - 17 = 12. What are the prime factors of d?
29
Let o = -17 + 33. Let f be (-7)/(-4)*o/1. Let a = -17 + f. What are the prime factors of a?
11
Let u(t) = -t**2 - 20*t - 5. What are the prime factors of u(-17)?
2, 23
Let n(i) = -3*i**3 + 4*i**3 - 7*i**2 + 0*i**3 - 6 + 2*i. Suppose 4 = -4*o + 32. What are the prime factors of n(o)?
2
Suppose 0 = 5*m + 12 - 52. Suppose -w + m + 5 = 0. List the prime factors of w.
13
Suppose f - 2*c + 0*c = 16, 0 = -4*c - 20. Let y(x) = x + 2. Let n be y(-6). Let g = n + f. List the prime factors of g.
2
Let m(d) = -d**3 - 8*d**2 - 5*d - 5. Suppose 0 = -4*o + 11 - 43. What are the prime factors of m(o)?
5, 7
Suppose -34 - 9 = -m - w, 3*w = -m + 53. List the prime factors of m.
2, 19
Let d be 8*(21/6)/7. Let p(v) be the first derivative of v**2 - v - 1. List the prime factors of p(d).
7
Suppose -2*m = 2*l + 14, 12 = -3*m + 4*l - 16. Let h = -21 + 35. Let u = h + m. What are the prime factors of u?
2, 3
Let m(p) = 4*p**2 - 4*p - 6. List the prime factors of m(6).
2, 3, 19
Suppose 4*i = -0 + 16. Suppose i*h - 3*g - 6 = 0, -4*h = -g - g - 4. Suppose h = u - 4*u + 6. What are the prime factors of u?
2
Let j = -51 - -160. What are the prime factors of j?
109
Let y be -1 - 1*-6 - 2. Suppose -25 = -4*g - y*c, -g = g - 3*c + 1. List the prime factors of g.
2
Suppose 0 = -3*b + i + 7, -6*b + 4*b + 2 = 2*i. Suppose 13 = j + b. List the prime factors of j.
11
Let b(l) be the third derivative of -l**6/120 - l**5/20 - l**4/8 + l**3/6 - 7*l**2. What are the prime factors of b(-3)?
2, 5
Suppose -n = -3*p - 30, -3*p = -n - 4*p + 30. Suppose 3*h - n = 48. What are the prime factors of 4/h - (-1002)/78?
13
Suppose -2*m - 261 = -981. What are the prime factors of m?
2, 3, 5
Suppose -4*s + 8 + 12 = 0. What are the prime factors of (-1)/(-1)*(6 + s)?
11
Suppose 5*q + 9 = -6. Let x(n) = -7*n + 11. Let o(g) = 4*g - 6. Let b(d) = q*x(d) - 5*o(d). List the prime factors of b(5).
2
Let q = 90 + -56. List the prime factors of q.
2, 17
Let q(y) be the first derivative of y**4/4 + 2*y**3 - 7*y**2/2 + 8*y + 1. What are the prime factors of q(-7)?
2
Suppose 5*q - 5*p - 215 = 0, 6*q - 2*q + 2*p = 178. What are the prime factors of q?
2, 11
Let u(d) = 3*d**2 - 1. Let p be u(1). Suppose p*n + z = 11 - 3, 2*n = 2*z - 4. What are the prime factors of n?
2
Let v(g) = g**2 - 4*g + 2. Let o = 16 + -11. Suppose -4*h = -4, 3*b - o*h = -0*b + 7. List the prime factors of v(b).
2
Let m(d) = 2*d - 3. Let y be m(4). Suppose -2*f + 45 = -y*x, -3*f = 2*f - 4*x - 104. List the prime factors of f.
2, 5
Let f = -13 - -13. Suppose f = 4*r - 2*r - 26. List the prime factors of r.
13
Let v = 1 - -6. Let w(p) = 2*p**2 + 6*p + 5. Let g be w(-5). Suppose -4*z - 2*f + 5*f = -v, -4*z - 3*f + g = 0. List the prime factors of z.
2
Let w(x) = -x**3 - 8*x**2 - 12*x - 19. List the prime factors of w(-8).
7, 11
Let m be (-4)/(-26) - (-12)/(-78). Suppose -s + 19 = -m*s - j, 3*j - 7 = -s. What are the prime factors of s/40 + 83/5?
17
Let v = -2 - 8. Let k(q) = 0*q - 1 + 0 - q. List the prime factors of k(v).
3
Let p be 0/(-1)*(5 + -6 + 0). Let j(y) = -4*y**2 + 2*y + 3*y**2 - y - y**3 + 2. What are the prime factors of j(p)?
2
Let g(t) = 3 - 8*t**3 + 0*t + 6*t**2 + 7*t**3 + t. What are the prime factors of g(3)?
3, 11
Suppose 0 = 3*c + 2*c + 5. Let v = -1 - c. List the prime factors of v*(-3)/9 - -8.
2
Let j(p) = 2*p - 10. What are the prime factors of j(12)?
2, 7
Suppose 4*p - p - 2*f = 33, 0 = 5*p - 5*f - 55. Let i(x) = 1 - 4 + 0 - p*x + x**2 - 2. What are the prime factors of i(12)?
7
Let q = -57 + 104. Suppose -4*v + 7*v + 2*l - 19 = 0, 3*v - 5*l - q = 0. What are the prime factors of v?
3
Suppose w = 0, w - 2*w = 2*n - 24. Let s = n + -10. List the prime factors of s.
2
Let p(o) = -o**3 + 8*o**2 - 8*o - 5. Let n be (7/3)/(1/3). Let v be p(n). Let z = 27 + v. List the prime factors of z.
3, 5
Suppose 2*y - 8 = -j, j - 2*j = -3*y + 2. Let f = j - 2. List the prime factors of (5 + (3 - 6))*f.
2
Suppose -i = -3 - 3. List the prime factors of (-200)/(-6) - 2/i.
3, 11
Suppose 3*n - 3*f = 78, -5*n - f + 4*f + 134 = 0. List the prime factors of n.
2, 7
Suppose 33 = 3*x - x - 3*s, -s = -2*x + 27. What are the prime factors of x?
2, 3
Suppose -3*u - 3 = -5*h - 1, -8 = 4*h. What are the prime factors of (-6)/u*(-8)/(-6)?
2
Let o(c) = -c**2 - 4*c + 5. Let y(x) = -x**2 - 5*x + 2. Let g be y(-5). Suppose -g - 6 = 2*i. What are the prime factors of o(i)?
5
Let f(b) = -6*b + 1. What are the prime factors of f(-1)?
7
Suppose -5*i + 1 + 14 = 0. Suppose 3*q + 4*u = -38, -i*q + 2*q = 4*u + 26. What are the prime factors of q/(-3) - (-10 - 0)?
2, 3
Suppose 0 = -5*t + 14 - 4. Let s be -1 + 0/(-2) - t. Let y = -1 - s. List the prime factors of y.
2
Let w = -52 - -107. Suppose 65 = 4*u + 3*d, -u = -4*u + 4*d + w. List the prime factors of u.
17
Let d(z) = -z**3 - z**2 - 2*z - 2. What are the prime factors of d(-3)?
2, 11
Suppose 13 = 3*s + 1. Suppose 115 = l + s*l. What are the prime factors of l?
23
What are the prime factors of 42/(20/12*(-9)/(-10))?
2, 7
Let x = -22 + 36. Let i = x + -6. List the prime factors of i.
2
Let b be 1/2*(-60)/(-5). Let m(f) = -f**2 + 6*f + 2. Let g be m(b). Suppose n + g*n - d = 67, 0 = -3*n + 4*d + 79. What are the prime factors of n?
3, 7
Let g = -97 - -141. What are the prime factors of g?
2, 11
Let i be (5/(-2))/5*0. Suppose -3 = b, i = 2*n - 3*b - b - 14. What are the prime factors of ((-2)/(-1) - -3)*n?
5
Let t(b) = 5 + 7*b**2 - 5*b - 6 - b**3 + 1. What are the prime factors of t(6)?
2, 3
Let a(m) = -m**3 + 6*m**2 + 2*m + 1. List the prime factors of a(6).
13
Let n = 55 - 17. What are the prime factors of n?
2, 19
Let s(c) = 11*c**2 - 1. Suppose -2*b + 6 = b. Let f = -3 + b. List the prime factors of s(f).
2, 5
Suppose -2 = -j - 0. Let l(n) = -j*n - 7*n**2 + 13*n + 6*n**2 + 0 - 1. List the prime factors of l(9).
17
Let f = 204 + -70. What are the prime factors of f?
2, 67
Let v(k) = k**2 - 4*k + 1. Let h(u) = -5*u**2 + 1 + 2 + 2 + u**3. Let j be h(5). What are the prime factors of v(j)?
2, 3
Let l be (-6)/5*1920/(-18). What are the prime factors of (-2)/6 + l/6?
3, 7
List the prime factors of 108/30*(-10)/(-4).
3
Suppose 5*r - b = -43 + 603, -2*b = -3*r + 329. List the prime factors of r.
113
Let o(q) = q**2 + 5*q - 3. Let y be o(-3). Let w = -7 - y. Suppose -45 = w*z - 7*z. List the prime factors of z.
3
Let j be (-1 + (-1 - -3))*5. Let l = j + -1. Suppose -10 = -l*h + 10. List the prime factors of h.
5
Suppose 0 = -5*g - 3 + 8. Let r = 9 - g. Let w = r + 1. What are the prime factors of w?
3
List the prime factors of ((-1)/2 + 0)*-36.
2, 3
Suppose 9*t - 4*t = 15. Suppose 7*u = t*u + 96. What are the prime factors of u?
2, 3
Suppose 0*a - 2*a = -232. Suppose 3*b + 18 = 2*o - o, 5*o - a = 2*b. What are